)*(-162)/(-10). Let t = 296 - s. What is the remainder when t is divided by 40?
13
Suppose 4*m = 2*k - 24, 0 = 25*m - 30*m + 30. Let r = -17 - -36. Suppose -23*f = -r*f - k. What is the remainder when 15 is divided by f?
3
Let q(p) = -p**3 + 28*p**2 - 23*p + 254. What is the remainder when q(27) is divided by 61?
57
Suppose 24*b + 122 = 770. Let o be 1 - (2 + -1 - 2). Suppose -5*k = o - 42. What is the remainder when b is divided by k?
3
Suppose -1573 = 405*p - 19916 + 523. Suppose 5 = u + 2*n + 1, 3*u - 15 = -3*n. What is the remainder when p is divided by u?
2
Suppose 13*c - 17*c + 8 = 0. Let g = 0 + c. Suppose -2*t + 34 = -g. Calculate the remainder when t is divided by 5.
3
Suppose -43*y + 21*y = -2860. Let i = -92 + y. Calculate the remainder when 341 is divided by i.
37
Let l be (-341)/(-33) + (-3)/9. Suppose 2*i - 2 + l = 0. Let b(m) = -2*m**3 - 2*m**2 + 2*m + 4. Calculate the remainder when b(i) is divided by 24.
20
Suppose 12*d = 4*d + 712. Suppose 3*m - 122 = -i, 4*m + 2*i - 84 = 2*m. What is the remainder when d is divided by m?
9
Let g = 523 - 294. Let y = g - 154. Calculate the remainder when y is divided by 4123/310 + (-3)/10.
10
Let w be ((-48)/(-8) - 6)/(0 - -2). Calculate the remainder when 95 is divided by ((-2 - w) + 5)*608/57.
31
Suppose -3*z = 3, 33*u - 30*u - 3*z - 138 = 0. What is the remainder when 629 is divided by u?
44
Suppose -5*f + 1016 = u, -5*u - 386 = -2*f - 2*u. Calculate the remainder when f is divided by (-285)/(-7) + 2/7.
38
Let x(c) = 5*c**2 - 12*c + 51. Let j(p) = 19 + 2*p**2 - 14 - 4*p + 12. Let b(w) = 8*j(w) - 3*x(w). Calculate the remainder when b(-8) is divided by 9.
6
Let h be (1/2)/((-2)/24*2). Let m be (h + 1)*3326*(-3)/(-6). Calculate the remainder when m/(-30) + 12/90 is divided by 29.
24
Let a be (440/(-77))/((-4)/14). Suppose 0 = -i - 2*m + 5*m + 1, -2*m = -3*i + 17. Let t = a - i. Calculate the remainder when 38 is divided by t.
12
Suppose 0 = -7*y - 51 - 285. Let h = y + 76. Let c = h - 21. Calculate the remainder when 13 is divided by c.
6
Let q = 4827 - 4490. What is the remainder when q is divided by 70?
57
Suppose 78*a = 42*a + 828. What is the remainder when 319 is divided by ((-81)/(-2))/(((-1311)/(-76))/a)?
49
Let t(c) = -102*c**3 - 2*c**2 + 1. Let u be t(-1). Let b = u + 208. Let d(f) = f**2 - 4*f - 78. Calculate the remainder when b is divided by d(13).
36
Let q = -198 + 225. Suppose -q*m + 431 = -352. Calculate the remainder when m is divided by 19.
10
What is the remainder when 32013 is divided by (-21 + 7 + 20)*(-29)/(-1)?
171
Let g(z) = -3*z - 3. What is the remainder when 11464/372580 + (-1428)/(-65) is divided by g(-5)?
10
Calculate the remainder when 84 is divided by (324/66 - 5) + 1236/44.
0
Suppose 142 = 4*g + 50. Calculate the remainder when -243 - -231 - (438/4)/(15/(-20)) is divided by g.
19
Suppose 100*u = 125*u - 2050. Let h(a) = a**2 - 5*a - 4. Let s be h(6). What is the remainder when u is divided by s - 52/6*-3?
26
Let l = -874 - -1853. Let g = 4059 - 3776. Suppose g = -6*x + l. Calculate the remainder when x is divided by 39.
38
Let l(t) = -138*t - 1982. Calculate the remainder when l(-15) is divided by 42.
4
Let w(d) = -11*d - 5. Suppose -482*h = -7176 - 1500. Calculate the remainder when w(-5) is divided by h.
14
Let s = 2453 - 2303. Calculate the remainder when s is divided by 71.
8
Suppose 4*r + 2 = 10. Suppose 3*w = 2*w + r. Suppose 0*p - 28 = -4*p. Calculate the remainder when p is divided by w.
1
Let n be -1 - ((-10)/(-10))/((-1)/72). Let o = 78 + n. Calculate the remainder when o is divided by 38.
35
Let q = 128 - 122. Let g(z) = -z**3 + 9*z**2 - 11*z - 10. What is the remainder when g(q) is divided by 18?
14
Let v(n) = 3*n + 4. Suppose -3*a + 2*l - 16 - 3 = 0, -3*a - 24 = -3*l. Let b be v(a). Let c(o) = 2*o + 12. What is the remainder when 2 is divided by c(b)?
0
What is the remainder when (-165 - 54/(-9)*-1)*(-5)/3 is divided by 58?
53
Let p(x) = 2*x**2 - 25*x + 95. Let o be p(8). Suppose -396 = o*m - 41*m. What is the remainder when m is divided by 2?
0
Suppose 302*z - 148*z + 634 = 156*z. What is the remainder when 666 is divided by z?
32
Let f(m) = 14 - 36 + 25*m - 21 + 6*m. What is the remainder when 72 is divided by f(2)?
15
Let h(k) = -k**2 - 8*k - 7. Let x(f) = 7*f + 7. Let v(d) = 2*h(d) + 3*x(d). What is the remainder when 47 is divided by v(0)?
5
Suppose -66 = 2*v - 5*v. Let n(q) = -11*q**2 + q - 4. Let u(d) = 21*d**2 - 2*d + 7. Let h(j) = 5*n(j) + 3*u(j). What is the remainder when v is divided by h(1)?
6
Suppose 0 = -87*a + 928 + 739 - 275. Suppose 4*r - 69 = r - 3*o, 0 = -5*r + 5*o + 135. What is the remainder when r is divided by a?
9
Let n(b) = b**3 + 6*b**2 - 15*b + 10. Let o be 41/(-6) - (-1)/(-6). Let d be n(o). Suppose -c = c - d. What is the remainder when 131 is divided by c?
32
Suppose v - 22 = 17. Let w be (-30)/30 + 35/1. Let q(k) = 2*k**2 - 64*k - 61. Calculate the remainder when q(w) is divided by v.
36
Let b = 73 + -21. Suppose -11*y = -207 + 42. Suppose t - y = -2*q + 41, -5*t - 17 = -q. Calculate the remainder when b is divided by q.
25
Let y(c) = c**3 - 29*c**2 - 20*c + 586. Calculate the remainder when 71 is divided by y(29).
5
Let x be (51/(-2))/(((-36)/(-152))/(-9)). What is the remainder when 94 is divided by x/(-34)*4/(-6)?
18
Let n(t) = t**2 - 29*t + 84. Let o be n(26). Calculate the remainder when 162 is divided by o/(3 - (-100)/(-35)).
36
Let q be 4/(-7) - ((-5500)/(-28) + -2). Let p = -116 - q. What is the remainder when p is divided by 26?
1
Let f = -119 - -168. Suppose 5*u - 28*u + 6693 = 0. What is the remainder when u is divided by f?
46
Let t = -51 + 90. Calculate the remainder when (36/66)/((-33)/(-3509)) is divided by t.
19
Calculate the remainder when (-21)/(-3)*-2 - -3808 is divided by 52.
50
Let w(h) = -2*h**2 + h + 36. Let i be w(0). Suppose -12*j = -48 - i. What is the remainder when (305/(-10))/(2/(-4)) is divided by j?
5
Let l be (-35)/21*(1 + -54 - 1). Suppose -2*h + 67 = -3*c, 4*h = 4*c + 113 + 19. What is the remainder when h is divided by 1182/l + 4/(-30)?
6
Suppose 73*a - 6930 = 18*a. Calculate the remainder when a is divided by 23.
11
Let g be ((-17)/(-2) - 2)*2. Suppose 42 = 4*a + f, -f + 22 = 15*a - g*a. Let n = 0 + 6. Calculate the remainder when a is divided by n.
4
Suppose 3*n = -n + 340. Let u be 2/(-3) + 4809/(-63). Let v = u - -99. Calculate the remainder when n is divided by v.
19
Let p = -45 + 47. Suppose -4*g - 4*b = -284, -b + p + 2 = 0. Suppose -41 = 2*w - 4*w - j, -3*j = -4*w + g. Calculate the remainder when 31 is divided by w.
12
Suppose -3*y - g + 412 = 0, y = -y + 2*g + 288. Suppose -168 = 101*d - 113*d. What is the remainder when y is divided by d?
13
Let t = -34955 + 36650. What is the remainder when t is divided by 802?
91
Let x(u) = -4*u**3 + 23 - 9 - 5 + 5*u**3 + 12*u - 7*u**2. Calculate the remainder when x(6) is divided by (-2)/(-9) - (-440)/45.
5
Suppose 10*x - 3*w = 12*x - 296, -24 = -4*w. What is the remainder when x is divided by 15?
4
Let a(r) = 3*r**2 + 504*r + 2475. What is the remainder when 4045 is divided by a(-5)?
25
Let z be -3 + (-13)/(39/1218). Let p = -398 - z. What is the remainder when 164 is divided by p?
10
Let y(j) = -5*j**2 + 4*j. Let a be y(0). Suppose a = -47*i + 82 + 952. Let r(x) = -3*x - 3. Calculate the remainder when i is divided by r(-5).
10
What is the remainder when 99 is divided by 3/((-6)/125)*(-28)/35?
49
Let j be (2/(12/9))/(3/570). Let d = j - 241. What is the remainder when d is divided by 42?
2
Let d = -656 - -669. Calculate the remainder when 4898 is divided by d.
10
Let c = 20211 - 20095. Calculate the remainder when 8003 is divided by c.
115
Suppose -2*z - 4 = -0*z. Suppose -57*r + 4004 - 185 = 0. Calculate the remainder when r is divided by 12/1 + (0 - z).
11
Let n(r) = -3*r**2 + 36*r - 20. Suppose 88 = -14*w + 22*w. Calculate the remainder when n(w) is divided by -1 + (-2)/(-2) + 11.
2
Suppose -9*u = -245 + 254. Calculate the remainder when 20 is divided by (u/(-5))/(9/495).
9
Suppose 3*i = -11*i - 10*i + 48. Calculate the remainder when 741 is divided by i.
1
Let s(q) = 2*q**2 - 4*q - 12. Let j be s(4). Suppose 10*v - 8*v - 122 = -j*p, -v + 127 = 4*p. Calculate the remainder when 118 is divided by p.
19
Let z(y) be the third de